i**2 - 8*i + 2. Let s(b) = 5*b**2 + 15*b - 5. Let a(t) = -4*s(t) - 7*z(t). What are the prime factors of a(4)?
2, 3
Suppose -y - 41 = -3*r - 9, -5*r + 52 = -y. What are the prime factors of r?
2, 5
Let z(k) be the third derivative of -k**8/20160 + k**7/504 - k**6/60 - k**5/30 + k**2. Let b(s) be the third derivative of z(s). List the prime factors of b(8).
2
Let f(b) = b + 11. Let w be (-2 - -1)/1*8. List the prime factors of f(w).
3
Suppose 3*z = -3, -3*p - z - 7 = -18. List the prime factors of (p - 2)/(4/62).
31
Let s(i) = i**3 + 3*i**2 - i - 1. Let t be s(-3). Suppose 0 = -4*b - 16, 0 = y + t*b + b + 26. Let h = 24 + y. What are the prime factors of h?
2, 5
Let v(u) = u**2 + 3*u + 8. List the prime factors of v(-6).
2, 13
Let j be 18/81 + 4/(-18). Suppose 5*w - 2*w - 9 = j. List the prime factors of w*(4/(-3) - -2).
2
Let r be (-2)/(2*3/(-165)). Suppose -227 - r = -2*x. Suppose -5*c - 46 = -x. What are the prime factors of c?
19
Let z = -37 + 52. Suppose u + z = 5*u + w, -5*u + w = -21. Suppose -9 = -u*o + 11. What are the prime factors of o?
5
Let r(f) = -11*f - 3. Let v(d) = d + 1. Let p(m) = r(m) + 3*v(m). List the prime factors of p(-4).
2
Let j = 118 - 81. What are the prime factors of j?
37
Suppose -15*u + 2682 = -6*u. List the prime factors of u.
2, 149
Suppose -2*a = 2*a - 216. Suppose -4*i + 2*i = -a. What are the prime factors of i?
3
Let l = 6 - -26. List the prime factors of l.
2
Let y = -2 + 1. What are the prime factors of y/3 + (-35)/(-15)?
2
Let t = -27 + 13. Let d(n) = -24*n + 1. Let y be d(-1). Let j = t + y. What are the prime factors of j?
11
Let n(v) = v**2 + 8*v - 4. Let d be n(-9). Suppose -c + 5 = d*p - 3*c, 2*c = 10. Suppose -3 = -2*o + 3*z + 4, p*o + 5*z = 39. List the prime factors of o.
2
Suppose x + 3*a - 41 = 0, -3*x + 2*a - 42 = -4*x. What are the prime factors of x?
2, 11
Let y(a) = -a**3 - 8*a**2 + 12*a + 11. Let s be y(-9). Let p(k) = k**3 + 15*k**2 - 19*k - 12. List the prime factors of p(s).
2, 3
Let k(o) = -2*o**2 - o - 2. Let a be 5*5/(50/(-4)). Let g be k(a). What are the prime factors of 2/g + (-18)/(-8)?
2
Let w = 11 - 5. Suppose -w*a = -a - 15. List the prime factors of a.
3
Let n(i) = 17*i. Let x be n(2). Suppose -54 = -4*t + x. What are the prime factors of t?
2, 11
Let m = -30 - -65. Suppose m = 4*x + 3*o + 14, 6 = 2*o. Suppose 0 = 3*d - x*u - 33, -3*d + 4*u = -0*d - 36. What are the prime factors of d?
2
Let z = 1 + 2. Suppose 4*d + 3*j - 6 = 0, -3*d = -j - j + 4. Suppose z*o = 6 - d. What are the prime factors of o?
2
What are the prime factors of (30/4)/(1 + (-14)/16)?
2, 3, 5
Let h be ((-4)/6)/(4/(-102)). Suppose 3*k - 13 = h. List the prime factors of k.
2, 5
Suppose -18 = b - 4*b. Let f(t) = -t**2 + 5*t + 8. Let m be f(b). Suppose -6*d + 8 = -m*d. List the prime factors of d.
2
What are the prime factors of ((-256)/(-10))/(8/20)?
2
Suppose 12*p = 4*p + 1928. List the prime factors of p.
241
Let i(v) = 5*v**2 - v - 1. Suppose -15 = -c - 4*c. Suppose 3*t = -3*s - 0*t + 6, 5*s - 4 = -c*t. What are the prime factors of i(s)?
5
Let m be (-6)/18*(-63 - 0). Let p = m - 8. What are the prime factors of p?
13
Suppose 5*o = -5*u + 3*o, 0 = -2*u - 5*o. Suppose u*m + 117 = 3*m. What are the prime factors of m?
3, 13
Let d(b) = 16*b**2 + 3*b + 6. What are the prime factors of d(-2)?
2
Suppose 0 = -3*o - 0*o - 24. Let x = o + 25. What are the prime factors of x?
17
Let j(x) = x**3 + 7*x**2 - 9*x + 4. What are the prime factors of j(-7)?
67
Suppose -24 - 226 = -5*z. List the prime factors of z.
2, 5
Suppose 54 = 5*i - 291. List the prime factors of i.
3, 23
Suppose -12*u + 3*u + 1323 = 0. What are the prime factors of u?
3, 7
Suppose -265 = -4*b + 3*r + 57, 164 = 2*b - 3*r. What are the prime factors of b?
79
Suppose s + h = 5, -2 - 3 = -s - 2*h. Suppose -s*w + 87 = -13. What are the prime factors of w?
2, 5
Suppose -l + 6*l + 5*y - 195 = 0, 4 = -y. List the prime factors of l.
43
Let d(w) = 2*w**2 + w + 13. What are the prime factors of d(-11)?
2, 61
Let b(n) = -n - 7. Let z be b(-3). List the prime factors of ((-11)/z)/(2/8).
11
Let t be (-2)/9 + 87/27. Suppose 0 = -5*d - w + 11, -t*d = d - 4*w - 28. Let b = 10 - d. List the prime factors of b.
7
Let k = 7 - 5. Suppose 4*p = -o - k*o - 14, p = 2*o + 2. List the prime factors of (-3 - (4 + p))/(-1).
5
Suppose -2*a + 5*g - 2 = -0*a, 0 = -2*a - 3*g - 2. What are the prime factors of 2/(a - (-33)/30)?
2, 5
Suppose -2*v + 8 = -2*b - 2, -2*b - 5*v - 24 = 0. Let x = b + 10. Suppose -x*a + 2*a - 4*z = 0, -3*z - 44 = -2*a. List the prime factors of a.
2
Suppose 2*q = 12 - 4. Let t(l) = l**3 - 3*l**2 - 5*l + 6. Let g be t(q). Suppose -5*m + 80 = -2*f, 21 = 2*m - g*f - f. List the prime factors of m.
2, 3
Let q(c) = 3*c**2 + c + 2. Suppose 4*x - 2 = 4*g + 10, 5*x + 4*g = -30. What are the prime factors of q(x)?
2, 3
Suppose -3*n + 2*w = 3*w - 32, 3*n - 2*w - 35 = 0. Let h = n - -2. List the prime factors of h.
13
Let f(v) = -v**2 + 8*v - 8. Let b be f(6). Let a = b - 1. Suppose -a*g = 2*p - 42, 2*p + 13 = g + 3*p. List the prime factors of g.
2
Suppose -3*t - 2*t - 7 = -4*j, 4*j = 4*t + 8. Let k(y) be the first derivative of -y**4/4 + 5*y**3/3 - 5*y**2/2 + 4*y - 3. List the prime factors of k(j).
7
Suppose 99 = 3*j + 9. List the prime factors of j.
2, 3, 5
Let i be (-2 + 108 - -2) + 3. Suppose 34 = 5*q - i. List the prime factors of q.
29
Suppose 5 = -5*y + 15. Suppose 0 = -2*d - y*k, -5*d + 7*k - 16 = 4*k. What are the prime factors of d/(-7) - (-305)/35?
3
What are the prime factors of 8/(-52) - (-626)/13?
2, 3
Let f(j) = -12*j - 18. List the prime factors of f(-11).
2, 3, 19
Let m(c) = c**2 + 11*c - 10. Suppose 2*t - 4*t - 24 = 0. Let b be m(t). Suppose -4*j + 5*k = 1, -j = -0*k + b*k - 16. List the prime factors of j.
2, 3
Let w = -15 + 54. List the prime factors of w.
3, 13
Let w = 1 - 1. Suppose 0*o - 4*g + 12 = -3*o, w = -4*g + 12. Suppose -6 = -o*z - 3*z. List the prime factors of z.
2
Let p(t) = -t**2 + 8*t - 5. Let k be p(8). Let n = k + 7. Suppose -2*a = n*a - 24. What are the prime factors of a?
2, 3
Suppose -v = -2*k - 11 + 38, -4*k = 4*v - 72. Suppose k - 45 = -5*z. List the prime factors of z.
2, 3
Let p = -35 - -53. Let q = p + 19. List the prime factors of q.
37
Suppose -2*z + k = -13, -2*k - 2 = 4. List the prime factors of (-4 + z)*3*5.
3, 5
Let m(r) = r**3 + 3*r**2 - r - 3. Let t be m(-3). Let a be -4 + -4 + 4 + 4. Suppose a = b - 2*h - h - 28, t = 3*b + 4*h - 45. List the prime factors of b.
19
Let h(p) = p**3 + 7*p**2 + 5*p - 2. Let x be h(-6). Suppose r + 3*r - 150 = 3*j, -4*r - x*j = -136. What are the prime factors of r?
2, 3
Suppose 4*l - l = 291. Let m = l + -163. List the prime factors of (-120)/m - 2/(-11).
2
Let x(o) = -4*o**3 - 2*o**2 + 3*o - 1. List the prime factors of x(-3).
2, 5
Suppose 3*b + 3*n - 132 = 0, 4*b - 140 = -0*b + 5*n. What are the prime factors of b?
2, 5
Suppose -2*h - 34 = -12. Let n = 25 + h. List the prime factors of n.
2, 7
Let q = 273 + -185. List the prime factors of q.
2, 11
Let v = -83 + 140. List the prime factors of v.
3, 19
Let n = 150 + -62. List the prime factors of n.
2, 11
Suppose 0 = -2*d - 5*b + 29, -2*d - 4*b = -0*b - 34. What are the prime factors of d?
3
Suppose d = -p - 2*p + 160, 2*d + 4*p - 330 = 0. What are the prime factors of d?
5, 7
Let x = 98 + 298. What are the prime factors of x?
2, 3, 11
Suppose 40 = 3*f - 41. List the prime factors of f.
3
List the prime factors of 92/(-4)*24/(-4).
2, 3, 23
Let l be 4/(-22) - 13/(-11). Suppose -m = -t + 21 - l, -3*m = 5*t - 108. What are the prime factors of t?
3, 7
What are the prime factors of 2/2 - (-21)/1?
2, 11
Let y(j) = 9*j + 1. Let g(a) = 46*a + 6. Let t(c) = 2*g(c) - 11*y(c). List the prime factors of t(-3).
2, 11
Suppose -280 = -5*z - 45. What are the prime factors of z?
47
Let i(t) = -t + 22. Suppose 6*k - 2*k = 0. List the prime factors of i(k).
2, 11
Let j(s) = s**2 + 5*s + 2. List the prime factors of j(4).
2, 19
Let a(s) = 8*s - 2. Let w be a(4). Let n = -17 + w. Suppose -3 = 2*p - n. What are the prime factors of p?
5
Let q be 6*-4*1/(-1). Let m = q + -14. What are the prime factors of m?
2, 5
Let z(q) = -q**3 - 9*q**2 - 10*q + 4. List the prime factors of z(-8).
2, 5
Let k(c) be the third derivative of -c**6/120 - c**5/10 - c**4